 + 1 + -17?
3
2 + -37 - -4 - (67 + -70)
-28
(-1 - (-12 + 10 + 2)) + (-4 - 1)
-6
Calculate 8 + (-112 - -92) + (0 - 1).
-13
Calculate 39 - 14 - -7 - 10.
22
What is the value of (9 + -9 - -7) + 0 - -10?
17
Evaluate -12 + (13 - 23 - -11).
-11
What is the value of 4 + 5 - (8 + 4 + -13)?
10
-9 + (-12 - ((-5 - -11) + -14))
-13
Calculate 13 - 35 - (-27 + -11).
16
Calculate -19 + (35 - (-12 - -31)).
-3
Evaluate 39 + 2 + 26 + -47.
20
69 + -68 + 22 + -3
20
What is the value of (24 - 19) + (-6 - (-9 + 3 + -5))?
10
What is -27 + (18 + -12 - -5)?
-16
What is -32 - 2 - (-774 - -776)?
-36
Evaluate (-17 - -6) + 3 + -8 - -11.
-5
1 - 5 - (3 - (-3 + 5)) - -7
2
What is the value of -5 + 4 - -3 - (-1 + -9 + 8)?
4
Evaluate 2 + (5 - (12 - (3 + (-3 - -6)))).
1
(-2 + -6 - -1) + (119 - 110)
2
Evaluate -4 + 1 + 6 - 13 - 1 - -2.
-9
Calculate 24 + -12 + -24 - -2.
-10
-21 + 33 + -5 - 0
7
What is 3 - (12 + 2 + -11)?
0
What is the value of 31 - (6 + -1) - (38 + -43)?
31
Calculate -9 + 6 + (3 - 7) + 2.
-5
(-8 - (8 - 7) - 13) + (2 - -6)
-14
What is (-9 - -13) + 6 + -9 - (-18 - -7)?
12
What is the value of 23 + (7 - 4 - -4)?
30
What is 2 + -26 + 12 + 17 + (-7 - 1)?
-3
What is the value of -6 + 3 + (5 - 3 - 13)?
-14
What is -6 - (-23 - (3 + -10))?
10
What is the value of -13 + (-15 - (-11 - 3))?
-14
69 + -49 + 20 + -63
-23
-29 - -22 - -22 - (-2 + 40)
-23
Evaluate -4 + 1 + (11 + -9 - 3) + -3.
-7
Calculate 1 + ((0 - -1) + -6 - 0) - 4.
-8
(2 - -3) + -1 - (-9 + (5 - -4))
4
Calculate -7 + -31 + 14 + -6 + 2 + 2.
-26
-1 + -5 + (-4 - -3) + 8 + -13
-12
(10 + -1 - 6) + (-34 - -44)
13
Calculate -35 + 61 - (15 + 0 - 1).
12
12 - (9 - (9 + -5))
7
-10 + (18 + -12 - 3)
-7
What is the value of (1 - -18 - 15) + (2 - 10)?
-4
Calculate 12 - (7 - 9 - -9 - 2) - 6.
1
-14 - (30 + 27 + -96)
25
What is 17 - (46 + -51 - (2 - 2) - -4)?
18
Evaluate (-10 + 5 - (-6 + (0 - 1))) + -11.
-9
Evaluate -21 - (7 + 6 + -20).
-14
What is -5 - (0 - 13) - (1 + -2)?
9
(1 - 24) + 34 + 10 + -33
-12
What is the value of 6 + -36 + (13 - -4)?
-13
What is the value of -3 + (6 + -1 - 3)?
-1
24 + (14 - 22) + -16
0
Calculate -4 + (-9 - (-5 + 7 + -9)).
-6
-19 - -73 - 41 - (-1 + 45)
-31
Evaluate (106 - 110) + 11 + 2.
9
What is (-4 + -11 + (7 - 2) - -5) + -4?
-9
What is the value of 10 + -5 + 1 - (234 + -263)?
35
What is the value of (12 - (0 - -7)) + 2 + -2 + 1?
6
What is 4 - (10 - 2 - (-16 - (-16 + -2)))?
-2
Evaluate 14 + (2 - (8 + 3) - (25 - 29)).
9
What is the value of -321 - -313 - (-33 + 2)?
23
Calculate -5 + 5 + -1 - (-3 - 10).
12
Calculate 43 - 24 - (-2 - 1) - (10 - 2).
14
Calculate -19 + (4 - (-5 - -6)) - 15.
-31
13 + 5 + 2 + (-44 - -29)
5
Evaluate 42 + -36 + (-5 - -9).
10
-1 + -12 + -5 - -16
-2
What is 29 + (-19 - (4 - 14)) - (-16 + 11)?
25
What is the value of -18 + 9 - -10 - (23 + -10)?
-12
What is the value of (6 - -11) + -55 - -13?
-25
Evaluate 3 - ((10 - 11) + 9 + -2).
-3
(-3 - (5 + (-10 - -3))) + -9 - 5
-15
(-3 - -17 - (48 - 23)) + 2
-9
What is the value of 0 + (-5 - (17 - (14 + -3)))?
-11
0 - (2 + -13) - ((-2 - 14) + 40)
-13
Evaluate (8 - (4 + 4) - 0) + 10.
10
What is -1959 + 1969 + (8 - (-3 + 2))?
19
What is 6 + (-1 - 9) - (-15 - (1 + -10))?
2
Evaluate -26 - ((-11 - -6) + -12).
-9
What is the value of 48 + (24 - 5 - 42)?
25
What is the value of 1 + 1 + -24 - (-603 + 599)?
-18
Calculate 54 + -40 - ((2 + -3 - -5) + -11).
21
Calculate (-6 + 3 - 8) + 1 + 11.
1
What is the value of (-14 - 0) + 5 - -1 - (1 + 2)?
-11
-6 - (-23 - (-7 - 4))
6
3 + 9 + -25 + 4 - 5
-14
Evaluate 9 + (-17 - (7 + -1) - (-6 - 1)).
-7
What is 2 + (3 - ((-4 - -13) + -9))?
5
Evaluate (-4 - -8 - 1) + (-6 - (12 + -6)).
-9
Evaluate -8 - -2 - (4 + (-9 - -20)).
-21
Evaluate (5 + -10 - 8) + (11 - 8) - -23.
13
Calculate 26 + -25 + 15 - 15 - (-1 + -6).
8
What is the value of 2 - 2 - (-17 - (-31 + 26))?
12
Calculate (3 - -8) + -27 + 0 + 17.
1
Calculate (1 - 13 - -19) + (-21 + -3 - -1).
-16
-6 - (11 + -18) - (-2 - -10)
-7
What is the value of -6 - (11 - (-18 - -37) - (1 - 2))?
1
What is (1 - 4) + 12 + 28 + -20?
17
Evaluate -1 + 1 + 4 - (50 - 41).
-5
What is -5 + 26 + -25 + 8?
4
What is (-2 + -32 - -9) + -28 + 23?
-30
Calculate 5 + -1 - (-64 + (123 - 19)).
-36
Calculate 9 - -5 - ((7 - -5) + -8).
10
11 + 0 + (-85 - -87)
13
Calculate 2 + -10 - (9 - 14).
-3
What is the value of -2 + 1 + -1 + (259 - 245)?
12
What is the value of (12 - 30) + (24 - -6)?
12
-1 + 8 + 13 + 2 + -2
20
2 - (2 + (-7 - -1 - (-30 - -25)))
1
Calculate 1 + -38 + (-91 - -102) - (-8 + 3).
-21
What is 4 - -4 - (-49 - -72) - -2?
-13
Evaluate -8 + -1 + 26 + -20.
-3
(-1 - (-3 + 6)) + -7
-11
Evaluate 26 + 1 + (-44 - -39) + (2 - 5).
19
Evaluate 4 + (5 - 10) - (3 + (2 - 1)).
-5
(8 - 10) + 14 - -4
16
Calculate 645 + -655 + -2 + 13 + -1.
0
Calculate -38 + -3 + -1 + (9 + -32 - -34).
-31
What is the value of 2 + (0 - ((-7 - -3) + 6 - -5))?
-5
What is 2813 + -2836 + 34 + 1?
12
What is the value of 135 + -162 + (1 - -47)?
21
What is the value of 1 + 19 + 22 + -24 + -34 + 30?
14
What is the value of (-1 - 0) + 3 + 4 + (-2 - 3)?
1
What is 6 - (-1 - -13 - 16)?
10
What is the value of (-8 - (-1 + 4 - 43)) + -5?
27
What is -31 + 14 + 23 - (-4 + 4)?
6
Evaluate (-15 - (8 - 43)) + -21.
-1
What is the value of 118 + -138 - (3 - 39)?
16
-1 - (-9 - (2 + -4)) - -5
11
Calculate -2 + 20 + (-1 - -3) + (-30 - -23).
13
What is the value of -17 + -8 + 17 - (-2 - (-1 + 0))?
-7
What is 9 - ((2 - -8) + (-77 - -61)) - -3?
18
Evaluate 3 + 1 + 19 + -3 + -10.
10
Evaluate (-1 - 26) + (-55 - -13 - -43).
-26
What is the value of 8 + -10 + -1 - -17 - (-3 - -9)?
8
-11 + -17 - -26 - (-6 + 2)
2
-1 - (-13 + 18) - -2
-4
What is the value of 0 + (21 - 3 - 16)?
2
Calculate -6 + (0 - (15 - 28)) - 21.
-14
Calculate 37 - 14 - (-8 + 8).
23
What is 8 - (12 - 1) - (1 - -6)?
-10
What is the value of 2 - -2 - 6 - (116 - 102)?
-16
17 - 3 - (5 - -27 - -4)
-22
2 - -9 - (3 + 33)
-25
Evaluate (8 + 5 - 25) + 19 - 12.
-5
What is -22 + 18 + 0 + 2 + (15 - 1)?
12
(17 - -3) + -31 - (-1 + 10)
-20
What is the value of (31 - 31) + 28 + -11?
17
-26 + 2 + (24 - (37 + -4))
-33
Calculate 8 + (-2 - 26) - (-9 + 3 + -2).
-12
Calculate -29 + (-17 - (-15 - (-14 + 16))).
-29
What is -15 + (-15 - (-37 + 1))?
6
What is the value of 38 - 53 - (-8 + 14)?
-21
Calculate (20 + -8 - 3) + -11 + -6.
-8
What is 37 - 53 - (-7 + -19)?
10
Calculate 44 + 1 - (535 + -494).
4
Calculate 2 + -7 + (189 - 156).
28
What is (2 - -10) + 15 + -20 + -5 - -12?
14
(-2 - (-2 + 4)) + -3 + -1 + 6
-2
Evaluate 395 + -391 + (0 - (1 + -7)).
10
Evaluate -3 + 6 + 16 + -21.
-2
Calculate -1 + (5 - 3) + (100 - 96).
5
What is (-18 - -8 - -12) + -6 + -13?
-17
Calculate 4 + -7 + (-39 - -55).
13
Calculate (2 - 1) + 3 + (1 - -1) + -17.
-11
What is 38 + 5 + -26 + 5?
22
What is the value of -5 + -10 + 15 + -5 - -4?
-1
Calculate (-4 - -2 - 1) + -1 - (-9 - -7).
-2
0 + -13 + 7 - (2 + 2 + -3)
-7
4 + 0 + 3 + 3 + (-12 - -8)
6
What is (125 - 129 - (9 + 1)) + 7 + -1?
-8
Calculate -2 + (18 + -16 - (-2 + -5 + -4)).
11
What is -6 - -39 - 5 - 16?
12
What is the value of 8 - 8 - -2 - (3 - (-10 - -3))?
-8
Calculate -16 + 12 + (-41 - -12).
-33
What is the value of 10 - (21 + (-40 - -57))?
-28
Evaluate -3 - (-8 - (-6 + 5 + 0)).
4
Evaluate (-11 - (10 + -20)) + 5 - 0.
4
Calculate 2 + 1 + -5 + 30 + -25.
3
(4 - (3 - 5)) + (-21 - -7)
-8
Calculate 2 - (-8 + -2) - (37 - 35).
10
What is 8 + -8 + -10 - (18 + (4 - 5))?
-27
What is -1 + 17 - -6 - 8?
14
Calculate -11 + 8 - (3 + (1 - 1) - 10).
4
What is the value of 5 + 6 - -33 - 29?
15
What is the value of (3 - -7) + (-10 - (1 - (4 + 2)))?
5
6 + (-25 - -37) + 6 + -10
14
Calculate 0 + 1 - 0 - (-2239 + 2246).
-6
Calculate 35 + -34 + 4 + 2.
7
What is the value of -1 - -10 - (30 - 34)?
13
-17 + (7 - (-4 - -9 - -2))
-17
Calculate -4 + 1 + 4 + 3 - (-60 + 71).
-7
(-29 - -31) + -16 + -3
-17
35 + -105 + 38 - -14
-18
2 - 2 - (14 - 13 - (1 - 3))
-3
(-1 - 1) + (-7 - 0 - (122 - 129))
-2
What is -20 + 1 + (26 + -50 - -35)?
-8
What is 25 + 5 - 25 - (1 - 9)?
13
What is 9 - (10 - (-8 + 20) - -26)?
-15
What is 1 - (26 - 20) - 7?
-12
What is 5 + (-11 - (-4 - (-7 + 18)))?
9
What is 19 - (-24 - (-10 - 38))?
-5
Calculate -1 - 9 - (-11 - -1).
0
Calculate 2 + 2 + -9 - (-11 + 16).
-10
What is the value of (17 - (-13 + 23)) + 0 + 0?
7
What is 6 + 15 + -43 + 3?
-19
Evaluate 5 - (4 + (6 - (14 - 3)) + 14).
-8
4 - (3 + 3 - 20